 = 1. Let i(c) = 3*f(c) - u(c). Let n be i(-5). Suppose 0*y + n = 3*y. What is the units digit of y?
4
Suppose 3*y = 109648 - 12367. What is the tens digit of y?
2
Suppose -5*f = 4*r + 69 + 48, 0 = -3*r - 4*f - 88. Suppose 127 = -k + 74. Let h = r - k. What is the units digit of h?
5
Let r be (66 - 3)/((-2)/6). Let m be -10*(-6)/12 + -282. Let l = r - m. What is the tens digit of l?
8
Suppose 4*y + 4 = 0, -2*x + 5*y - 3*y + 5872 = 0. Suppose -10*d = -x - 395. What is the tens digit of d?
3
Let o(a) = -a**3 + 5*a**2 - 5*a + 8. Let l be o(3). Suppose l*c - 37 - 62 = 0. What is the units digit of c?
9
Suppose 3*y + 6 = 4*o - 1, -2*o - 3*y = 19. Let a be 0 + o + 22 + -14. Suppose -4*z + 440 = 5*l - a*z, l = -2*z + 76. What is the units digit of l?
6
Let d = 60 + -64. Let i = 6 + d. Suppose i*k - 26 = 16. What is the units digit of k?
1
Suppose -2*b + 6*b + 2*k = 12868, k = -3*b + 9651. What is the hundreds digit of b?
2
Suppose -5 = c - 7, 3297 = 3*v - 3*c. What is the thousands digit of v?
1
Suppose 205*q + t = 201*q + 36426, 0 = 5*q + 2*t - 45528. What is the hundreds digit of q?
1
Suppose -2*p = -3*o - 11, 2*p - 49 = -p - 2*o. Let j = 20 - 17. Let a = p + j. What is the units digit of a?
6
Let p = 42479 + -17865. What is the hundreds digit of p?
6
Let n = 11001 + -4760. What is the thousands digit of n?
6
What is the units digit of (3/42 - (-3)/7)*37748?
4
Let r(u) = -41*u - 455. Let a be r(-11). Let v be 2/7 + (-116)/14. What is the units digit of (1*(-76)/(-2))/(a/v)?
6
Let r(j) = -j**3 + 132*j**2 + 200*j - 443. What is the hundreds digit of r(133)?
4
What is the ten thousands digit of (69 - 21)*(-29685)/(-90)?
1
Suppose 0*s - 2*s - 2*d + 526 = 0, 0 = 2*s - 5*d - 498. What is the units digit of s?
9
What is the units digit of 222/(-1776) + 5073/8?
4
Suppose 3*a = -2*q + 30534 - 8542, 0 = -2*a - 4*q + 14672. What is the thousands digit of a?
7
Let j(v) = -3*v**3 + 2*v + 1. Let d be j(-1). Let p(s) = -s**2 - 2 - 4*s**2 + 0*s**2 + 3*s + 9*s**3 + 3*s. What is the tens digit of p(d)?
6
Suppose -l = 9*l - 70. Suppose -15*c + 28028 = l*c. What is the thousands digit of c?
1
Let g = -8607 + 38725. What is the ten thousands digit of g?
3
Let z be (-12)/(-4)*(30/(-9) + 4). Suppose -3*j = -3*k + 390, j + z*j = -3*k + 414. What is the tens digit of k?
3
Let j be 14 + -2 - (-1)/((-1)/2). What is the hundreds digit of 5340/j - (3 + -3)?
5
Suppose 0 = 22*i - 27*i - 125. Let p be (-48)/(-15) - 20/i. Suppose 3*z + 7*m - 41 = 2*m, p*z = 3*m + 74. What is the units digit of z?
7
Let y(n) = -n + 16. Let a be y(24). What is the hundreds digit of (156/(-10))/(a/240)?
4
Suppose 2*t = 4*t + o - 1, -3*o - 18 = -t. Suppose -t*k = 2*k - 255. Let f = 204 - k. What is the hundreds digit of f?
1
Let g be (-8)/(-48) - (-4 - 70/12). Let w(c) = 178*c - 198. What is the units digit of w(g)?
2
Let m = 4 - 63. Let v = m + 199. What is the units digit of v?
0
Let q = 282 + 1546. What is the hundreds digit of q?
8
Suppose 4*l + 5767 = 4*i - 5597, 5*l + 11368 = 4*i. What is the units digit of i?
7
Suppose 3*d + 1504 = -479. Let f = -378 - d. Suppose -5*o + 615 = -2*m, 4*m - f + 888 = 5*o. What is the hundreds digit of o?
1
Let y be 3 - (36/2 - -1). Let i(s) = 3*s + 38. Let d be i(y). What is the tens digit of 2*d*44/(-16)?
5
Let c(g) = -g**2 + 41*g + 129. Let t be c(44). What is the hundreds digit of (-5 - -3)*155*3/t?
3
Let p = 35138 + -19401. What is the tens digit of p?
3
Let g(i) = -i**3 + 9*i**2 - 16*i + 14. Suppose 0 = o + 222 - 229. Let b be g(o). Suppose b = 18*n - 16*n - 388. What is the hundreds digit of n?
1
Let l(z) be the second derivative of 7*z**4/12 - 7*z**2/2 - 2*z. Let v be ((-24)/(-4) + -5)*-3. What is the units digit of l(v)?
6
Let w(c) = -5*c**3 + 33*c**2 + 28*c + 146. Let u(t) = -t**3 + 2*t**2 + t. Let d(l) = -6*u(l) + w(l). What is the units digit of d(-19)?
0
Let l = 42 + -40. Suppose -4*y = -l*p - 3003 - 1481, -2*y - 2*p + 2236 = 0. What is the tens digit of y?
2
Let q(c) = 7 + 2*c - c**3 + 3*c**2 - 2 + 7. Let f be q(4). Suppose 11 = f*n - 57. What is the tens digit of n?
1
Suppose 0 = 3*d - 5*m - 99913, -21*d + 19*d + 2*m + 66598 = 0. What is the thousands digit of d?
3
Suppose -b + 378 = b. Suppose -2*u = 3*i - 17, 6*i - 2*i - 2*u - 4 = 0. Suppose -4*f + i*x = -b, -4*x + 4 = -0. What is the tens digit of f?
4
Suppose 5*k - 73 = -3*d + 754, 5*d - 1393 = -k. What is the units digit of d?
9
Let q = 7483 + -3992. What is the units digit of q?
1
Let r = -202 + 198. Let v(f) = -f**3 - 8*f + 2. What is the units digit of v(r)?
8
Let p(r) = 1 - 659*r**2 + r + 4 + 658*r**2. Let a(w) = w**2 - 5. Let b(u) = -5*a(u) - 6*p(u). What is the units digit of b(15)?
0
Suppose 32*p - 367390 + 49328 = 182386. What is the thousands digit of p?
5
Let j be -3 + (1 + 879 - (-4 + 4)). Suppose -4*d = -3 - j. What is the units digit of d?
0
What is the ten thousands digit of 0 + (0 - 5) + 15104 + -2043?
1
Suppose -14000 = -9*d - 590. Suppose -5*n + d = 5*z, 5*n = 7*z - 11*z + 1190. What is the hundreds digit of z?
3
Let h = 104 + -466. Let j = -352 - -96. Let t = j - h. What is the units digit of t?
6
Suppose 0 = 4*x - 28946 + 3970. What is the tens digit of x?
4
What is the hundreds digit of 1911078/22 - 10/275*5?
8
Let a(q) = -q**3 + 5*q**2 + 8*q + 1. Let l be a(6). Suppose 10 = -8*f + l*f. Suppose -5 - 97 = -f*t. What is the units digit of t?
1
Suppose 3*s + 2*q = 30961, 4*q + 72913 = 9*s - 20040. What is the tens digit of s?
2
Suppose 15 = 3*f + 2*q, -2*f + 4*q = 5 - 31. What is the tens digit of 331 - (3/f - 24/7)?
3
Suppose -219*c - 70 = -209*c. Let g(b) = 4*b**2 - b - 12. Let f(w) = w**2 + w - 1. Let u(y) = -3*f(y) + g(y). What is the tens digit of u(c)?
6
Let y(n) = -n**2 + 26*n + 9. Let p be y(17). Let k be p/198 - (-2)/11. What is the tens digit of (k/3*59)/(33/99)?
5
Suppose -4186*i + 4181*i = -112760. What is the thousands digit of i?
2
Let d be -3*2/5*20/(-6). Suppose d*x + 3283 = 3*p - 1009, -x - 4295 = -3*p. What is the tens digit of p?
3
Let g = 2881 + -2390. What is the tens digit of g?
9
Let l = 10378 + 735. Suppose 6*k - l + 2365 = 0. What is the thousands digit of k?
1
Let i be -3*(-5)/(-15)*-3. Let b = -45 + i. What is the units digit of (b - -9)/(1/(-1))?
3
Let a = -209 - -365. Suppose 1986 = 6*o + a. What is the tens digit of o?
0
Let q(j) = j**3 - 63*j**2 + 95*j + 435. What is the units digit of q(63)?
0
Let c(y) = -y**3 + 72*y**2 - 159*y + 68. What is the hundreds digit of c(69)?
3
Suppose 6*n - 4*n = 104. Let h be (-1)/(204/n - 4). Let a(z) = z**3 - 13*z**2 + 5. What is the units digit of a(h)?
5
Let m = -10412 + 24175. What is the tens digit of m?
6
Suppose -3*y + 2*d - 36671 = -6*y, 5*y = -2*d + 61117. What is the hundreds digit of y?
2
Suppose -2*i + 6119 = d, d - 3*d = -4*i - 12246. What is the units digit of d?
1
What is the hundreds digit of (-145 + (-5 - -3))/((-30)/230)?
1
Let t = -4037 + 11159. What is the units digit of t?
2
Suppose -60 = 2*h - 8*h. Suppose 0 = -3*a + a, 2*j = -2*a + h. What is the tens digit of (-285)/(0 - j) + 4?
6
Let s(g) = -9001*g - 1041. What is the thousands digit of s(-2)?
6
Let d(s) = 32*s**2 - 17*s - 1. Let v be d(-2). Suppose 5*n - 219 - 516 = -x, -3*x = n - v. What is the tens digit of n?
4
Suppose -181*j + 3327940 + 3206713 = 200015. What is the units digit of j?
8
Let u(k) = -3*k**2 - 8*k**3 - k + 4*k**2 - 3 - 3*k**2. What is the tens digit of u(-3)?
9
Let b(k) = k**2 - 19*k + 59. Let n be b(15). What is the tens digit of ((-1)/n)/((-3)/(-3117))?
3
Suppose 366 = -3*r + 4*l, 3*r = -2*r - 2*l - 584. Let i = r + 155. What is the tens digit of i?
3
Let n = -351 + 374. Suppose -13*b = n*b - 37980. What is the units digit of b?
5
Suppose -6*z - 658 - 782 = 0. What is the units digit of (-240768)/z + (-6)/5?
2
Let m(x) = x**2 - x + 1. Let u(j) = -j**3 + 8*j**2 - 10*j + 2. Let c(n) = 3*m(n) - u(n). Let d be (-18)/54 + 0 + 16/3. What is the units digit of c(d)?
6
Let d = 176 + -72. Let x = -107 + d. What is the units digit of (-6)/x + (-1 - -204)?
5
Let u = -114 + 196. Suppose -980 = -4*z + 2*w - u, 2*z - 5*w - 445 = 0. Let y = -74 + z. What is the hundreds digit of y?
1
What is the hundreds digit of ((8/2)/((-15)/(-175)))/(4/1578)?
4
Let m(b) = 186*b**2 - 21*b + 55. What is the units digit of m(4)?
7
Let k(h) = 2*h + 2